hat are the prime factors of (28/i - -2)/(3/45)?
2, 5
Let r(a) = -92*a + 1. Let u be r(-2). Suppose -2*n - k + 99 = 23, -5*n - 5*k = -u. List the prime factors of n.
3, 13
List the prime factors of 12/(-16) - 4/((-32)/5942).
2, 7, 53
Let s be ((-390)/9)/(-2)*-3. Let t = s - -98. What are the prime factors of t?
3, 11
Suppose -c = u - 2305, -4*u - 16*c + 13*c = -9217. List the prime factors of u.
2, 1151
Suppose -g - 24 = -3*g. Suppose 3*v + 351 = g*v. What are the prime factors of v?
3, 13
Let i(p) be the third derivative of -2*p**3 + 0 - 3*p**2 - 1/6*p**4 + 0*p. List the prime factors of i(-4).
2
Let v(t) = -1 - t + 4 + 0. Let w be v(-13). Suppose -52 = -3*b - w. List the prime factors of b.
2, 3
Suppose 36*y - 9 = 33*y. Suppose -y*m - 711 = -5*s, -m + 3*m - 419 = -3*s. List the prime factors of s.
3, 47
Suppose -3*s - 3*m + 15900 = s, -3*s + 2*m + 11925 = 0. What are the prime factors of s?
3, 5, 53
Let k = 22 - 10. Let u(c) = -c**2 - 1. Let l(i) = 5*i**2 + 13*i - 11. Let o(d) = -l(d) - 6*u(d). What are the prime factors of o(k)?
5
Let l = -278 - -145. Let b = 199 + l. List the prime factors of b.
2, 3, 11
Let s = 6365 - 2219. What are the prime factors of s?
2, 3, 691
Let l be -43 - 1/(-2)*-6. Suppose -x + 4*u = -3*x + 238, -5*x + u + 540 = 0. Let i = x + l. List the prime factors of i.
3, 7
List the prime factors of (17/68)/((-4)/(-20336)).
31, 41
Suppose 0 = -j + 2*t - t + 1, 0 = -5*j + 3*t + 7. Suppose -y + 4*m + 14 = 0, -m + 2 + j = y. What are the prime factors of ((-9)/y)/(15/(-160))?
2
Let a = -12 + 8. Let b be 0 + (-1 - 4/a). Suppose x + 3*x - 72 = b. List the prime factors of x.
2, 3
Suppose -m - 4103 = -5*z, -4*z - 4*m = -z - 2448. What are the prime factors of z?
2, 5, 41
Let y = 228 - 74. Suppose 41*t = 34*t + y. What are the prime factors of t?
2, 11
Let i = -288 + 267. Let u = -4 - 1. Let z = u - i. List the prime factors of z.
2
Suppose 728 = 4*i - 2*i. List the prime factors of i.
2, 7, 13
Let k = -10 + 9. Let u be -10 - (2 + k - -1). List the prime factors of (-303)/u + (-3)/12.
5
Suppose 84 + 216 = 5*r. Suppose z + 2*q + 0*q + 24 = 0, -4*z - 4*q - 108 = 0. Let b = z + r. What are the prime factors of b?
2, 3, 5
Let l = 945 + -589. What are the prime factors of l?
2, 89
Suppose 6*v = 9*v - 15. Suppose 290 + 10 = v*i. What are the prime factors of i?
2, 3, 5
Suppose 0 = 2*u - 2*t + t - 10, -4*t - 4 = 4*u. List the prime factors of 4 + u + 0/4.
7
Suppose 2*n - n - 4*x - 235 = 0, 0 = -2*n + 3*x + 445. List the prime factors of n.
5, 43
Let i = -54 + 78. Suppose 2*b = 6*b + i. List the prime factors of -1*3 - (-31 + b).
2, 17
Let i be (-26)/5 + (-2)/(-10). Let l be i*((-24)/10 - -2). Suppose 0*w - 9 = -3*w - l*z, -5*w = 4*z - 15. List the prime factors of w.
3
Let f(n) = -n**2 - 12*n + 3. Suppose 3*k = -66 - 27. Let c = k + 22. What are the prime factors of f(c)?
2, 3, 5
Let g = -66 + 96. Let r = 39 + g. List the prime factors of r.
3, 23
Let y = 8029 - 4384. List the prime factors of y.
3, 5
Let h be (-4)/(-6) - 2360/120. Suppose 3*l = 5*l + 66. Let r = h - l. What are the prime factors of r?
2, 7
Suppose -4*f = -521 - 799. What are the prime factors of f?
2, 3, 5, 11
Let m = 123 - 106. Let j = -14 - -48. Let c = j - m. List the prime factors of c.
17
Let g(n) = 27*n**2 - 2*n - 22. List the prime factors of g(-4).
2, 11, 19
Let y(x) = 9*x**2 - 14*x + 119. What are the prime factors of y(-15)?
2, 11, 107
Let f(m) = -m**2 + m - 1. Let d be f(5). Suppose 7*r = -105 + 112. What are the prime factors of (d*r/(-3))/1?
7
Let i = -38 - -14. Suppose -2*n = 4 + 36. List the prime factors of (i/n)/(4/10).
3
Let g be (-5)/(20/22 - 1). Let f be (-22)/g - 117/(-5). Suppose -2*l + 122 = 4*q, q - 3*l + f = 2*q. List the prime factors of q.
2
Suppose 2*z = -4*z + 78. Let l = z + -16. List the prime factors of (0 + -1 + -7)*l.
2, 3
Suppose 7*g = 13 - 6. Let c(t) = 161*t**3 + t**2 + 3*t - 4. What are the prime factors of c(g)?
7, 23
Suppose 0*v = 2*v - z + 23, 0 = 2*v - 2*z + 24. Let j(c) = -5 - 7*c + 6*c - 3. What are the prime factors of j(v)?
3
List the prime factors of (-1815)/(-8) + (-15)/(-120).
227
Let n be -2*(4 + (-93)/(-6)). List the prime factors of (1430/n)/((-1)/3).
2, 5, 11
Let a = 43 - 29. What are the prime factors of (-7690)/(-70) + 2/a - -3?
113
Let z be (-12)/9 - (-428)/6. Suppose 3*g - 2*g = z. What are the prime factors of g?
2, 5, 7
Suppose 2*x + 1 - 5 = 0. Suppose 0 = -i + x + 2, -39 = -o - i. What are the prime factors of o?
5, 7
What are the prime factors of (-56648)/(-56) - (-4)/(-7)?
3, 337
What are the prime factors of (-1)/(-4 - (-2)/((-28756)/(-57505)))?
2, 13, 79
Let p(g) = -g**3 + 12*g**2 + 7. Let w be p(12). Let y = 48 - w. List the prime factors of y.
41
Let l = -1811 - -4169. What are the prime factors of l?
2, 3, 131
Suppose -1470 = 8*h - 9654. List the prime factors of h.
3, 11, 31
Let l(y) = 2 - 4*y**2 + 22*y + 18*y**2 - y**3 - 9*y**2. What are the prime factors of l(7)?
2, 29
What are the prime factors of ((-2231)/92)/(3/(-12))?
97
Suppose 2*n = -10, 5*h - 15*n = -14*n + 225. What are the prime factors of h?
2, 11
What are the prime factors of (-39)/18 + 2 + (-267444)/(-216)?
2, 619
What are the prime factors of (-33)/4*(-860)/15 + 3?
2, 7, 17
Suppose 3*c + c - 2 = -2*q, 0 = 4*q + 4*c - 8. Suppose -5*j + 71 + 62 = -q*s, 3*s + 107 = 4*j. List the prime factors of j.
2, 13
Suppose -5*h + 0*h + 2020 = 0. Let n(f) = -f + 8. Let a be n(-8). List the prime factors of 3/(-12) + h/a.
5
Let i(t) = -t**3 - 3*t**2 - 4*t + 4. Let x(j) = -2*j - 18. Let m be x(-7). What are the prime factors of i(m)?
2, 3
Suppose 3*d = -5*p + 68, p = -3*p + 2*d + 72. Suppose -4*s + n = -p, -6*s + s + 3*n = -20. Suppose 7*y = s*y + 21. What are the prime factors of y?
7
Suppose 0 = v - 4*v + 6. Suppose 3*u - 5*m = 392, 2*m = v*u + m - 266. What are the prime factors of u?
2, 67
Let m(h) = 4*h + 7 + 8*h**2 - 10 + 5 + h**3. List the prime factors of m(-5).
3, 19
Let u be (2/7)/(6/42). Let h = 8 - u. Suppose h*x - 15 = 3*x. What are the prime factors of x?
5
Let k be ((-2724)/27)/(-4) + 2/(-9). Suppose -i + 157 = k. What are the prime factors of i?
2, 3, 11
Suppose -9*l + 5*l - 12 = 0. What are the prime factors of -2*(-37)/(-6)*l?
37
Let v be 377 + 5 + (-4 - 0). Let o = v + -188. List the prime factors of o.
2, 5, 19
Suppose 3*h - 15 = -4*p, -h + p = 3*p - 7. Let v be 16*(6/4 - h). Suppose -v*z + 3*z - 8 = -4*f, -3*z - 10 = -5*f. What are the prime factors of f?
2
Suppose -a - 4 = -3*l, 3*a = 4*a + 5*l - 12. Let u(o) = 57*o**2 + 2*o - 6. What are the prime factors of u(a)?
2, 113
Let y(h) = h**2 - 6*h + 4. Let o be y(6). Suppose -2*p - 5*z - 270 = -o*p, 278 = 2*p - 3*z. What are the prime factors of p?
5, 29
Suppose d + 68 = 2*d. Let c = d + -18. What are the prime factors of c?
2, 5
Let k be 6/18 - 1586/6. Let c = k + 412. What are the prime factors of c?
2, 37
Let j(b) = 34*b + 129. What are the prime factors of j(37)?
19, 73
Let z(u) = 4*u - 4*u**2 - 30 + 37 + 5*u**2. List the prime factors of z(-6).
19
Let a be (-10)/(-20)*(-1 - -25). Let y = a - 9. Suppose i = y + 1, 4*k = -2*i + 132. List the prime factors of k.
31
Let r(n) = -211*n - 585. What are the prime factors of r(-7)?
2, 223
Let o = 385 - -239. What are the prime factors of o?
2, 3, 13
Let p(l) = l**2 - 40*l + 41*l + 0*l**2 + 20. What are the prime factors of p(0)?
2, 5
Let f(t) = 21*t + 21*t**2 - 22*t**2 - 4 - 19. What are the prime factors of f(15)?
67
Suppose 2*h = 2*j + 1270, -35*h + 3179 = -30*h - 4*j. What are the prime factors of h?
3, 71
Suppose -1898 = -9*s + 1783. What are the prime factors of s?
409
Let a(t) = -5 - 54*t - 62*t + 2 - 2. List the prime factors of a(-1).
3, 37
Suppose -l + 2*l - 2*s = -2, 7 = 4*l - 5*s. Suppose 5*n - 2*c - 49 = 0, 0*n + 5*c = -2*n + l. What are the prime factors of n?
3
Let b(w) = -w**2 - 27*w + 27. Let y(o) = -o**2 - 13*o + 13. Let u(q) = 2*b(q) - 5*y(q). What are the prime factors of u(7)?
3, 71
Let j(c) = 68*c**2 - 19*c - 4. List the prime factors of j(5).
1601
Let y be (-1)/(3 - (-28)/(-8)). Let i(h) = -y - 2*h - 1 - 8*h + 2*h. What are the prime factors of i(-2)?
13
Let w be 15/(-2)*(-12)/35*-7. What are the prime factors of (27/w)/(6/166)*-2?
83
Let b = -262 + 180. Let w = b + 145. What are the prime factors of w?
3, 7
Let v